ime factors of 59757136?
2, 3734821
What are the prime factors of 342482369?
342482369
List the prime factors of 79498180.
2, 5, 41, 67, 1447
What are the prime factors of 514510069?
23, 31, 721613
What are the prime factors of 178902533?
23, 643, 12097
What are the prime factors of 2215222285?
5, 397, 641, 1741
List the prime factors of 42023613.
3, 2857, 4903
List the prime factors of 20357338.
2, 127, 80147
What are the prime factors of 422544101?
7, 43, 28649
What are the prime factors of 747017490?
2, 3, 5, 19, 367, 3571
List the prime factors of 154033037.
154033037
List the prime factors of 167903426.
2, 83951713
List the prime factors of 108672576.
2, 3, 641, 883
What are the prime factors of 66842845?
5, 13368569
What are the prime factors of 212138198?
2, 109, 137, 7103
What are the prime factors of 280973812?
2, 7, 59, 170081
What are the prime factors of 212278149?
3, 23586461
What are the prime factors of 519341013?
3, 353, 163469
What are the prime factors of 10781844?
2, 3, 109, 8243
List the prime factors of 13922399.
67, 207797
What are the prime factors of 6070160038?
2, 431, 7041949
List the prime factors of 2443872636.
2, 3, 23, 2951537
What are the prime factors of 5800938071?
5800938071
What are the prime factors of 41057524?
2, 10264381
What are the prime factors of 1978792887?
3, 251, 2627879
List the prime factors of 24238901.
24238901
What are the prime factors of 68573513?
68573513
List the prime factors of 32861083.
2819, 11657
List the prime factors of 2285607047.
2285607047
What are the prime factors of 134743045?
5, 26948609
What are the prime factors of 5441544074?
2, 101, 881, 30577
What are the prime factors of 97034467?
53, 1830839
What are the prime factors of 4203438988?
2, 7, 29, 73, 70913
List the prime factors of 178156150.
2, 5, 1499, 2377
What are the prime factors of 2261562598?
2, 17, 66516547
What are the prime factors of 327839995?
5, 7, 9366857
What are the prime factors of 40729663?
13, 239, 13109
What are the prime factors of 102904094?
2, 17, 67, 199, 227
What are the prime factors of 346557?
3, 331, 349
What are the prime factors of 1302593726?
2, 7, 93042409
List the prime factors of 177626601.
3, 2192921
List the prime factors of 1650472167.
3, 2143, 256723
What are the prime factors of 285943546?
2, 7, 20424539
What are the prime factors of 30798529?
577, 53377
What are the prime factors of 113546597?
937, 121181
What are the prime factors of 95976819?
3, 863, 1373
What are the prime factors of 104619173?
17, 1303, 4723
List the prime factors of 119012050.
2, 5, 2380241
List the prime factors of 619670220.
2, 3, 5, 13, 794449
What are the prime factors of 113519352?
2, 3, 23, 205651
List the prime factors of 878970723.
3, 19, 15420539
List the prime factors of 345700164.
2, 3, 617, 46691
What are the prime factors of 246504184?
2, 30813023
What are the prime factors of 855096335?
5, 7517, 22751
List the prime factors of 20219574.
2, 3, 3369929
What are the prime factors of 53900791?
7, 73, 313, 337
List the prime factors of 545534885.
5, 7, 2226673
List the prime factors of 22033455.
3, 5, 1468897
List the prime factors of 396940227.
3, 67, 367, 5381
List the prime factors of 24967504.
2, 269, 5801
List the prime factors of 692694029.
29, 1187, 20123
List the prime factors of 1561372086.
2, 3, 41, 1327, 4783
What are the prime factors of 35743197?
3, 7, 17, 14303
List the prime factors of 277383514.
2, 138691757
List the prime factors of 10998124.
2, 2749531
List the prime factors of 861171149.
10739, 80191
List the prime factors of 15525213.
3, 11, 470461
What are the prime factors of 25645565?
5, 11, 466283
What are the prime factors of 62185803?
3, 19, 1090979
List the prime factors of 982824693.
3, 1451, 225781
List the prime factors of 200867667.
3, 7, 11, 13, 66889
List the prime factors of 1475626526.
2, 11, 19, 37, 73, 1307
What are the prime factors of 843126394?
2, 11, 79, 485113
What are the prime factors of 44505761?
419, 106219
What are the prime factors of 201154546?
2, 4021, 25013
What are the prime factors of 2172015461?
7, 11, 2564363
What are the prime factors of 177085225?
5, 19, 73, 5107
List the prime factors of 5284890894.
2, 3, 1579, 557831
List the prime factors of 482319524.
2, 120579881
What are the prime factors of 255136886?
2, 59, 2162177
List the prime factors of 861895735.
5, 3671, 46957
List the prime factors of 14627608.
2, 1828451
What are the prime factors of 186293161?
186293161
What are the prime factors of 273965564?
2, 2531, 27061
List the prime factors of 6108196348.
2, 1527049087
What are the prime factors of 1434389065?
5, 31, 2609, 3547
What are the prime factors of 5651421621?
3, 173, 10889059
What are the prime factors of 85065792?
2, 3, 7, 167, 379
What are the prime factors of 115684674?
2, 3, 7, 2754397
List the prime factors of 500449507.
5399, 92693
What are the prime factors of 1844064460?
2, 5, 7, 17, 37, 43, 487
List the prime factors of 856957215.
3, 5, 6521, 8761
List the prime factors of 8658707.
131, 157, 421
List the prime factors of 2134653.
3, 23, 30937
What are the prime factors of 53097108?
2, 3, 4424759
List the prime factors of 3027299221.
3027299221
List the prime factors of 560724414.
2, 3, 93454069
List the prime factors of 3639003568.
2, 1723, 132001
What are the prime factors of 112485681?
3, 7, 11, 19, 8543
List the prime factors of 31416626.
2, 37, 424549
List the prime factors of 17532018.
2, 3, 7, 46381
What are the prime factors of 52121887?
23, 131, 17299
List the prime factors of 551025151.
359, 1534889
List the prime factors of 47184465.
3, 5, 109, 28859
What are the prime factors of 38939310?
2, 3, 5, 432659
List the prime factors of 600963493.
13, 113, 31469
List the prime factors of 532608.
2, 3, 19, 73
List the prime factors of 228202784.
2, 7131337
What are the prime factors of 169350436?
2, 127, 333367
List the prime factors of 70035014.
2, 7, 31, 23053
What are the prime factors of 1373366705?
5, 4783, 57427
List the prime factors of 13800538.
2, 673, 10253
What are the prime factors of 21417863?
29, 738547
What are the prime factors of 18052263?
3, 23, 37, 2357
List the prime factors of 81581012.
2, 2437, 8369
What are the prime factors of 1745675666?
2, 7, 23, 151, 223
List the prime factors of 644517501.
3, 283, 759149
List the prime factors of 35560955.
5, 7112191
List the prime factors of 78562728.
2, 3, 1091149
List the prime factors of 3782821479.
3, 1260940493
List the prime factors of 115614562.
2, 7, 31, 271, 983
What are the prime factors of 3519756090?
2, 3, 5, 39108401
List the prime factors of 380123540.
2, 5, 1093, 17389
List the prime factors of 1556950652.
2, 389237663
What are the prime factors of 3592345?
5, 173, 4153
What are the prime factors of 4841706171?
3, 2473, 652609
List the prime factors of 2009242605.
3, 5, 133949507
List the prime factors of 1819938019.
1819938019
List the prime factors of 14415225.
3, 5, 11, 101, 173
What are the prime factors of 685108857?
3, 17, 13433507
List the prime factors of 470013856.
2, 13, 1129841
What are the prime factors of 54990737?
83, 662539
What are the prime factors of 35931010?
2, 5, 3593101
List the prime factors of 332805729.
3, 19, 5838697
List the prime factors of 3992071409.
151, 26437559
List the prime factors of 281438070.
2, 3, 5, 19, 563, 877
What are the prime factors of 487969573?
7, 13, 29, 179, 1033
List the prime factors of 1719512823.
3, 7, 109, 751207
List the prime factors of 6293275123.
29, 197, 1101571
List the prime factors of 1826696673.
3, 202966297
What are the prime factors of 516961517?
17, 809, 37589
List the prime factors of 89082728.
2, 7, 743, 2141
List the prime factors of 878678995.
5, 41, 4286239
What are the prime factors of 52664678?
2, 11, 2393849
List the prime factors of 2870070318.
2, 3, 23, 29, 239053
What are the prime factors of 693609166?
2, 139, 373, 6689
What are the prime factors of 360096819?
3, 1877, 63949
List the prime factors of 14417930.
2, 5, 29, 83, 599
What are the prime factors of 28801254?
2, 3, 4800209
What are the prime factors of 3415334200?
2, 5, 73, 223, 1049
What are the prime factors of 31919469?
3, 23, 73, 6337
List the prime factors of 947795852.
2, 41, 43, 134401
List the